1 a factor of 1843?
False
Is 16 a factor of 48?
True
Is 60 a factor of 300?
True
Is 688 a multiple of 26?
False
Does 8 divide 311?
False
Is 5340 a multiple of 30?
True
Is 5346 a multiple of 9?
True
Is 13 a factor of 1916?
False
Is 7056 a multiple of 98?
True
Is 4918 a multiple of 23?
False
Is 784 a multiple of 13?
False
Does 19 divide 18145?
True
Does 13 divide 556?
False
Is 1248 a multiple of 26?
True
Is 5507 even?
False
Is 47248 a multiple of 16?
True
Is 333 a multiple of 67?
False
Is 4987 a multiple of 56?
False
Does 26 divide 2334?
False
Is 10 a factor of 140?
True
Is 207 a factor of 9522?
True
Is 526 a multiple of 40?
False
Is 24 a factor of 146?
False
Is 71 a factor of 1065?
True
Is 50134 a multiple of 14?
True
Does 98 divide 50666?
True
Is 129 a multiple of 38?
False
Is 79 a factor of 171?
False
Does 12 divide 505?
False
Is 446 a multiple of 5?
False
Is 57 a factor of 5299?
False
Does 160 divide 2201?
False
Is 2223 a multiple of 9?
True
Is 17 a factor of 4828?
True
Does 9 divide 23?
False
Does 8 divide 1897?
False
Does 10 divide 7663?
False
Is 24078 a multiple of 13?
False
Is 9 a factor of 479?
False
Is 6279 a multiple of 17?
False
Is 12 a factor of 24177?
False
Is 6018 a multiple of 102?
True
Is 21 a factor of 3194?
False
Does 15 divide 1236?
False
Is 1216 a multiple of 8?
True
Is 20 a factor of 39866?
False
Is 53645 a multiple of 12?
False
Does 13 divide 505?
False
Is 316 a multiple of 43?
False
Does 11 divide 353?
False
Is 4420 a multiple of 52?
True
Does 40 divide 235?
False
Is 222 a factor of 7796?
False
Is 1350 a multiple of 7?
False
Does 15 divide 45433?
False
Is 66187 a multiple of 79?
False
Is 13 a factor of 22545?
False
Does 28 divide 5154?
False
Is 1562 a multiple of 11?
True
Does 14 divide 2477?
False
Is 56 a factor of 280?
True
Is 18075 a multiple of 43?
False
Is 13600 a multiple of 10?
True
Is 21 a factor of 3667?
False
Does 4 divide 1788?
True
Does 78 divide 3933?
False
Is 8498 a multiple of 20?
False
Does 58 divide 24070?
True
Is 23 a factor of 149627?
False
Is 246 a multiple of 2?
True
Does 43 divide 16340?
True
Does 33 divide 627?
True
Is 496 a multiple of 9?
False
Does 172 divide 8772?
True
Is 227 a factor of 29441?
False
Does 74 divide 2886?
True
Is 11552 a multiple of 32?
True
Is 1052 a multiple of 8?
False
Is 4914 a multiple of 7?
True
Is 15764 a multiple of 34?
False
Is 36 a factor of 324?
True
Is 13187 a multiple of 86?
False
Is 9 a factor of 720?
True
Is 802 a multiple of 9?
False
Is 1357 a multiple of 23?
True
Is 12 a factor of 593?
False
Is 1084 even?
True
Does 3 divide 264?
True
Does 15 divide 19230?
True
Is 9 a factor of 24148?
False
Does 64 divide 16704?
True
Is 865 a multiple of 15?
False
Does 165 divide 2816?
False
Is 4 a factor of 396?
True
Does 11 divide 5595?
False
Is 648 a multiple of 54?
True
Does 70 divide 1050?
True
Is 1137 a multiple of 11?
False
Is 32189 a multiple of 87?
False
Is 20 a factor of 475?
False
Is 26 a factor of 678?
False
Is 11376 a multiple of 24?
True
Is 65 a factor of 585?
True
Is 156 a factor of 2808?
True
Does 47 divide 8601?
True
Is 603 a multiple of 10?
False
Is 4 a factor of 14635?
False
Is 231 a multiple of 21?
True
Is 14801 even?
False
Does 17 divide 306?
True
Is 40 a factor of 3680?
True
Does 86 divide 2815?
False
Is 5 a factor of 8363?
False
Does 36 divide 3598?
False
Is 3432 a multiple of 22?
True
Is 66 a factor of 2112?
True
Is 4 a factor of 11704?
True
Does 5 divide 470?
True
Does 7 divide 4494?
True
Does 14 divide 8583?
False
Is 306 a multiple of 18?
True
Is 22475 a multiple of 81?
False
Is 4340 a multiple of 35?
True
Is 1125 a multiple of 45?
True
Is 1026 a multiple of 27?
True
Is 11231 a multiple of 2?
False
Is 658 a multiple of 8?
False
Is 42 a factor of 672?
True
Is 81 a factor of 1366?
False
Is 18976 a multiple of 5?
False
Is 4 a factor of 652?
True
Does 11 divide 83?
False
Is 16 a factor of 800?
True
Is 60 a factor of 15418?
False
Is 4468 a multiple of 5?
False
Is 10 a factor of 4629?
False
Is 104 a factor of 920?
False
Does 15 divide 210?
True
Does 40 divide 23654?
False
Does 5 divide 745?
True
Does 63 divide 14049?
True
Is 6222 a multiple of 26?
False
Is 5887 even?
False
Is 4 a factor of 2651?
False
Is 705 a multiple of 13?
False
Is 12 a factor of 112560?
True
Is 255 even?
False
Is 8475 a multiple of 84?
False
Does 23 divide 966?
True
Is 6 a factor of 81?
False
Is 1193 a multiple of 51?
False
Is 26 a factor of 1837?
False
Does 37 divide 41881?
False
Is 30 a factor of 501?
False
Is 20351 a multiple of 46?
False
Does 7 divide 13274?
False
Is 45 a factor of 96385?
False
Does 22 divide 39761?
False
Does 161 divide 27853?
True
Does 55 divide 4070?
True
Does 66 divide 1122?
True
Is 192 a multiple of 32?
True
Does 305 divide 5185?
True
Is 28 a factor of 122559?
False
Does 71 divide 60563?
True
Does 179 divide 15965?
False
Is 7945 a multiple of 89?
False
Does 49 divide 1018?
False
Is 28 a factor of 100548?
True
Does 61 divide 1087?
False
Does 64 divide 27520?
True
Is 50 a factor of 1445?
False
Is 24953 a multiple of 240?
False
Is 5659 a multiple of 57?
False
Is 8 a factor of 97?
False
Is 23 a factor of 404?
False
Is 81 a multiple of 9?
True
Is 2014 a multiple of 58?
False
Is 11699 a multiple of 48?
False
Is 2160 a multiple of 30?
True
Does 5 divide 72?
False
Does 66 divide 751?
False
Is 12675 a multiple of 45?
False
Is 95928 a multiple of 24?
True
Does 80 divide 11440?
True
Does 20 divide 960?
True
Is 143859 a multiple of 11?
False
Is 3864 a multiple of 24?
True
Does 37 divide 70893?
False
Is 21 a factor of 2079?
True
Does 25 divide 5840?
False
Does 12 divide 1488?
True
Is 39 a factor of 1482?
True
Is 2824 a multiple of 3?
False
Is 1259 even?
False
Does 37 divide 175?
False
Is 29 a factor of 4065?
False
Does 3 divide 2872?
False
Is 50 even?
True
Does 7 divide 263?
False
Is 139 a factor of 37635?
False
Is 64 a factor of 7936?
True
Does 21 divide 2751?
True
Is 868 a multiple of 87?
False
Is 1900 a multiple of 10?
True
Is 21 a factor of 5678?
False
Is 5910 a multiple of 15?
True
Is 334 a multiple of 34?
False
Is 51 a factor of 69?
False
Is 31 a factor of 558?
True
Is 3 a factor of 498?
True
Is 4425 a multiple of 15?
True
Does 31 divide 17236?
True
Does 12 divide 2497?
False
Is 40 a factor of 600?
True
Does 28 divide 18200?
True
Is 2280 a multiple of 120?
True
Is 50 a multiple of 38?
False
Is 3 a factor of 14814?
True
Is 59 a factor of 39381?
False
Is 8115 a multiple of 14?
False
Is 7 a factor of 462?
True
Is 40725 a multiple of 181?
True
Is 79274 a multiple of 69?
False
Does 4 divide 655?
False
Is 29 a factor of 8811?
False
Is 91 a factor of 1274?
True
Is 46 a factor of 436?
False
Does 6 divide 528?
True
Is 367 a multiple of 40?
False
Does 38 divide 4294?
True
Is 127 a factor of 5080?
True
Is 450 a multiple of 18?
True
Does 49 divide 1519?
True
Does 19 divide 5377?
True
Is 38628 a multiple of 118?
False
Is 9 a factor of 12843?
True
Is 90 a factor of 19760?
False
Is 1054 a multiple of 5?
False
Is 5 a factor of 296?
False
Is 33670 a multiple of 13?
True
Is 710 a multiple of 51?
False
Does 53 divide 780?
False
Is 8618 a multiple of 10?
False
Is 18 a factor of 108?
True
Is 7 a factor of 47?
False
Does 51 divide 2923?
False
Does 11 divide 38075?
False
Does 8 divide 1384?
True
Is 18 a factor of 14834?
False
Is 54 a factor of 4933?
False
Does 42 divide 64?
False
Does 235 divide 109745?
True
Does 51 divide 20706?
True
Does 42 divide 8232?
True
Is 13 a factor of 169?
True
Is 19 a factor of 15618?
True
Is 37 a factor of 1427?
False
Does 2 divide 724?
True
Is 43 a factor of 5633?
True
Is 5640 a multiple of 120?
True
Is 1758 a multiple of 23?
False
Does 120 divide 3000?
True
Is 1337 a multiple of 62?
False
Does 27 divide 378?
True
Is 7 a factor of 76?
False
Is 30 a factor of 38?
False
Is 2516 a multiple of 7?
False
Is 14280 a multiple of 15?
True
Does 8 divide 21958?
False
Is 268 a multiple of 21?
False
Is 196 a multiple of 40?
False
Is 17 a factor of 187?
True
Does 29 divide 3654?
True
Is 18 a factor of 6876?
True
Does 13 divide 6973?
False
Is 3360 a multiple of 30?
True
Does 9 divide 1458?
True
Is 13 a factor of 2171?
True
Is 54 a factor of 1091?
False
Is 21 a factor of 37782?
False
Is 1306 a multiple of 133?
False
Is 58045 a multiple of 12?
False
Does 36 divide 4235?
False
D